common factor of 5811 and 5907850?
1937
Calculate the highest common factor of 52613470 and 2870.
70
What is the highest common divisor of 12248205 and 60?
15
What is the greatest common factor of 925 and 421504?
37
Calculate the highest common divisor of 1601902 and 1562.
142
Calculate the greatest common divisor of 60687 and 9097.
11
What is the greatest common divisor of 66 and 1193754?
6
Calculate the greatest common factor of 268 and 592172666.
134
What is the highest common factor of 6915364 and 1012?
92
Calculate the highest common divisor of 646345 and 672777.
413
Calculate the highest common factor of 15520500 and 2250.
2250
Calculate the greatest common divisor of 16284448 and 1984.
32
What is the highest common factor of 258984152 and 203?
203
Calculate the greatest common divisor of 94645910 and 240136.
4618
What is the greatest common divisor of 20410 and 250?
10
What is the greatest common factor of 4215 and 206684211?
843
What is the greatest common factor of 16 and 16657078?
2
Calculate the greatest common factor of 108 and 83003886.
54
What is the highest common divisor of 137678375 and 7880?
985
What is the greatest common factor of 10281859 and 7?
7
What is the highest common divisor of 209244 and 86894136?
4452
Calculate the greatest common factor of 4163 and 2686331.
23
Calculate the highest common factor of 11322 and 102042.
18
Calculate the greatest common factor of 824906 and 62602.
554
Calculate the highest common factor of 10239582 and 488.
122
Calculate the greatest common factor of 11730 and 16602090.
690
Calculate the greatest common factor of 1524 and 1308876.
12
Calculate the greatest common factor of 413665074 and 138.
138
What is the highest common factor of 531152726 and 1326?
442
What is the highest common divisor of 559355784 and 51246?
5694
What is the highest common factor of 1491272 and 1292?
76
What is the highest common divisor of 144 and 50042160?
144
Calculate the greatest common factor of 27258 and 4910157.
1239
What is the highest common divisor of 324 and 21809628?
108
What is the greatest common factor of 29980 and 343040?
20
Calculate the highest common factor of 50139000 and 104.
8
What is the greatest common divisor of 13475124 and 54?
18
Calculate the highest common factor of 23924755 and 175159.
1637
Calculate the highest common divisor of 165463346 and 102.
34
Calculate the greatest common divisor of 1087269 and 4029.
51
What is the highest common divisor of 10709519 and 76037?
5849
What is the greatest common divisor of 5012525 and 350?
175
What is the greatest common divisor of 30585 and 769543068?
6117
Calculate the highest common factor of 1208646 and 10458.
1494
What is the highest common divisor of 1027073308 and 1942?
1942
What is the greatest common factor of 827394 and 4181?
37
What is the highest common divisor of 24460805 and 2255?
205
What is the greatest common factor of 408 and 18007692?
204
Calculate the greatest common factor of 246688 and 2112.
32
What is the highest common divisor of 14 and 86284898?
14
What is the highest common divisor of 13340665 and 529295?
1105
What is the highest common divisor of 539632 and 15119?
1163
Calculate the highest common factor of 3304 and 90629546.
826
Calculate the highest common factor of 653 and 20797397.
653
Calculate the greatest common factor of 1251166 and 55574.
1502
What is the highest common divisor of 6 and 2620545?
3
What is the greatest common divisor of 22033 and 66493591?
2003
Calculate the greatest common factor of 408 and 447304.
136
What is the highest common divisor of 1928894 and 284746?
946
What is the greatest common factor of 5126731 and 7415?
1483
Calculate the greatest common factor of 8515 and 42055.
65
Calculate the greatest common divisor of 40 and 138230728.
8
What is the highest common factor of 170690 and 23790?
130
What is the highest common divisor of 519 and 16682563?
173
Calculate the greatest common factor of 2356 and 7641686.
1178
Calculate the highest common factor of 79285 and 6180695.
505
What is the greatest common factor of 6710 and 4198590?
110
Calculate the greatest common divisor of 19964681 and 71577.
2651
What is the greatest common factor of 368 and 1666568?
8
Calculate the greatest common factor of 2 and 27927547.
1
Calculate the greatest common divisor of 2440 and 9480315.
305
Calculate the highest common divisor of 12384 and 11439720.
3096
Calculate the highest common factor of 1040535 and 570.
285
What is the greatest common factor of 14504 and 34550096?
392
What is the greatest common divisor of 329676 and 500324?
332
Calculate the greatest common divisor of 321406 and 26685.
593
Calculate the highest common factor of 4047 and 21204931.
1349
Calculate the highest common divisor of 4395972 and 210.
42
Calculate the greatest common divisor of 6 and 166980492.
6
Calculate the highest common divisor of 495653121 and 13176.
1647
What is the highest common factor of 1158096 and 1048?
8
Calculate the greatest common divisor of 4240626 and 19617.
39
Calculate the highest common factor of 6 and 38590320.
6
Calculate the greatest common factor of 3418 and 22738245.
1709
What is the highest common divisor of 36551 and 3079?
1
What is the greatest common factor of 198 and 5442723?
99
Calculate the highest common factor of 5514670 and 15.
5
Calculate the highest common factor of 1278 and 142218.
18
What is the highest common factor of 1391 and 3841514?
107
Calculate the greatest common divisor of 275 and 843476150.
275
Calculate the highest common factor of 62 and 1183061618.
62
Calculate the greatest common divisor of 1100660 and 178420.
220
Calculate the highest common divisor of 26811 and 62180667.
2979
Calculate the greatest common factor of 57 and 574176.
3
Calculate the greatest common factor of 4063608 and 162.
162
What is the highest common factor of 1162881 and 747?
9
What is the highest common factor of 26120008 and 236?
236
What is the highest common factor of 8960 and 305480?
280
Calculate the highest common divisor of 119615852 and 129.
43
Calculate the highest common factor of 9172 and 26764.
4
Calculate the highest common divisor of 945 and 489790.
35
Calculate the greatest common divisor of 785 and 22533739.
157
Calculate the highest common divisor of 189085688 and 3256.
3256
Calculate the greatest common factor of 509597 and 4125.
11
What is the highest common factor of 616 and 15530200?
56
Calculate the greatest common divisor of 276 and 582300798.
138
Calculate the greatest common divisor of 13157679 and 4428.
123
Calculate the highest common factor of 4 and 15447452.
4
Calculate the greatest common factor of 6592 and 6206471.
103
Calculate the greatest common factor of 15880810 and 23.
23
What is the highest common divisor of 1377159 and 2373?
21
What is the highest common divisor of 676559 and 146600?
733
What is the greatest common factor of 24681740 and 142115?
3305
What is the highest common divisor of 3537 and 16601237?
131
What is the highest common divisor of 4201487 and 1376?
43
What is the highest common factor of 16668 and 2251569?
1389
Calculate the greatest common divisor of 1012140 and 2034.
18
Calculate the greatest common factor of 630644585 and 145.
145
What is the highest common factor of 2039688 and 22626?
54
Calculate the highest common divisor of 8873 and 15941.
19
What is the highest common divisor of 109242476 and 532?
532
What is the greatest common divisor of 1309 and 12255936?
77
What is the highest common divisor of 49780 and 12452860?
2620
Calculate the highest common factor of 1704107367 and 22707.
7569
What is the greatest common divisor of 452 and 205687798?
226
Calculate the highest common factor of 628386 and 24266.
22
Calculate the greatest common factor of 569 and 104339237.
569
What is the greatest common divisor of 717311807 and 39558?
6593
What is the highest common factor of 20068500 and 51?
51
What is the greatest common divisor of 431893 and 3927?
77
What is the highest common factor of 1422408 and 94575?
3783
What is the greatest common divisor of 183926 and 318406?
82
What is the highest common factor of 1681392 and 45264?
1104
Calculate the greatest common divisor of 27744296 and 23432.
808
What is the highest common factor of 572298